{"id":3085,"date":"2022-06-13T09:22:55","date_gmt":"2022-06-13T09:22:55","guid":{"rendered":"https:\/\/manual.smartwpthemes.com\/hosting\/?page_id=11"},"modified":"2022-11-28T11:38:47","modified_gmt":"2022-11-28T10:38:47","slug":"home-landing","status":"publish","type":"page","link":"https:\/\/pomoc.nortberg.pl\/","title":{"rendered":"Home Landing"},"content":{"rendered":"\t\t<div data-elementor-type=\"wp-page\" data-elementor-id=\"3085\" class=\"elementor elementor-3085\">\n\t\t\t\t\t\t\t\t\t<section class=\"elementor-section elementor-top-section elementor-element elementor-element-ffac03e elementor-section-boxed elementor-section-height-default elementor-section-height-default\" data-id=\"ffac03e\" data-element_type=\"section\" data-settings=\"{&quot;background_background&quot;:&quot;classic&quot;}\">\n\t\t\t\t\t\t<div class=\"elementor-container elementor-column-gap-default\">\n\t\t\t\t\t<div class=\"elementor-column elementor-col-50 elementor-top-column elementor-element elementor-element-a8a109a\" data-id=\"a8a109a\" data-element_type=\"column\">\n\t\t\t<div class=\"elementor-widget-wrap elementor-element-populated\">\n\t\t\t\t\t\t\t\t<div class=\"elementor-element elementor-element-a9cf5b1 elementor-widget elementor-widget-heading\" data-id=\"a9cf5b1\" data-element_type=\"widget\" data-widget_type=\"heading.default\">\n\t\t\t\t<div class=\"elementor-widget-container\">\n\t\t\t<style>\/*! elementor - v3.8.0 - 30-10-2022 *\/\n.elementor-heading-title{padding:0;margin:0;line-height:1}.elementor-widget-heading .elementor-heading-title[class*=elementor-size-]>a{color:inherit;font-size:inherit;line-height:inherit}.elementor-widget-heading .elementor-heading-title.elementor-size-small{font-size:15px}.elementor-widget-heading .elementor-heading-title.elementor-size-medium{font-size:19px}.elementor-widget-heading .elementor-heading-title.elementor-size-large{font-size:29px}.elementor-widget-heading .elementor-heading-title.elementor-size-xl{font-size:39px}.elementor-widget-heading .elementor-heading-title.elementor-size-xxl{font-size:59px}<\/style><h2 class=\"elementor-heading-title elementor-size-default\">\nDzie\u0144 dobry, potrzebujesz pomocy?<\/h2>\t\t<\/div>\n\t\t\t\t<\/div>\n\t\t\t\t<div class=\"elementor-element elementor-element-0834c66 elementor-widget elementor-widget-manual-searchbox\" data-id=\"0834c66\" data-element_type=\"widget\" data-widget_type=\"manual-searchbox.default\">\n\t\t\t\t<div class=\"elementor-widget-container\">\n\t\t\t<div class=\"elementor_themeoption_search\"><input type=\"hidden\" id=\"oldplacvalue\" value=\"Szukasz odpowiedzi?\"><form role=\"search\" method=\"get\" id=\"searchform\" class=\"searchform\" action=\"https:\/\/pomoc.nortberg.pl\/\"><i class=\"fa fa-search livesearch\"><\/i> <div class=\"form-group\"><input type=\"text\"  placeholder=\"Szukasz odpowiedzi?\" value=\"\" name=\"s\" id=\"s\" class=\"form-control header-search  \" \/><input type=\"hidden\" value=\"\" name=\"post_type\" id=\"search_post_type\"><input type=\"submit\" class=\" button button-custom\" value=\"Szukaj\"><\/div><\/form><\/div>\t\t<\/div>\n\t\t\t\t<\/div>\n\t\t\t\t<div class=\"elementor-element elementor-element-f92b709 elementor-widget elementor-widget-text-editor\" data-id=\"f92b709\" data-element_type=\"widget\" data-widget_type=\"text-editor.default\">\n\t\t\t\t<div class=\"elementor-widget-container\">\n\t\t\t<style>\/*! elementor - v3.8.0 - 30-10-2022 *\/\n.elementor-widget-text-editor.elementor-drop-cap-view-stacked .elementor-drop-cap{background-color:#818a91;color:#fff}.elementor-widget-text-editor.elementor-drop-cap-view-framed .elementor-drop-cap{color:#818a91;border:3px solid;background-color:transparent}.elementor-widget-text-editor:not(.elementor-drop-cap-view-default) .elementor-drop-cap{margin-top:8px}.elementor-widget-text-editor:not(.elementor-drop-cap-view-default) .elementor-drop-cap-letter{width:1em;height:1em}.elementor-widget-text-editor .elementor-drop-cap{float:left;text-align:center;line-height:1;font-size:50px}.elementor-widget-text-editor .elementor-drop-cap-letter{display:inline-block}<\/style>\t\t\t\t<p>Problem? Skontaktuj si\u0119 z nami, klikaj\u0105c jedn\u0105 z tych metod:<\/p><p>\u00a0<\/p>\t\t\t\t\t\t<\/div>\n\t\t\t\t<\/div>\n\t\t\t\t<div class=\"elementor-element elementor-element-7cf55a8 elementor-widget-divider--view-line elementor-widget elementor-widget-divider\" data-id=\"7cf55a8\" data-element_type=\"widget\" data-widget_type=\"divider.default\">\n\t\t\t\t<div class=\"elementor-widget-container\">\n\t\t\t<style>\/*! elementor - v3.8.0 - 30-10-2022 *\/\n.elementor-widget-divider{--divider-border-style:none;--divider-border-width:1px;--divider-color:#2c2c2c;--divider-icon-size:20px;--divider-element-spacing:10px;--divider-pattern-height:24px;--divider-pattern-size:20px;--divider-pattern-url:none;--divider-pattern-repeat:repeat-x}.elementor-widget-divider .elementor-divider{display:-webkit-box;display:-ms-flexbox;display:flex}.elementor-widget-divider .elementor-divider__text{font-size:15px;line-height:1;max-width:95%}.elementor-widget-divider .elementor-divider__element{margin:0 var(--divider-element-spacing);-ms-flex-negative:0;flex-shrink:0}.elementor-widget-divider .elementor-icon{font-size:var(--divider-icon-size)}.elementor-widget-divider .elementor-divider-separator{display:-webkit-box;display:-ms-flexbox;display:flex;margin:0;direction:ltr}.elementor-widget-divider--view-line_icon .elementor-divider-separator,.elementor-widget-divider--view-line_text .elementor-divider-separator{-webkit-box-align:center;-ms-flex-align:center;align-items:center}.elementor-widget-divider--view-line_icon .elementor-divider-separator:after,.elementor-widget-divider--view-line_icon .elementor-divider-separator:before,.elementor-widget-divider--view-line_text .elementor-divider-separator:after,.elementor-widget-divider--view-line_text .elementor-divider-separator:before{display:block;content:\"\";border-bottom:0;-webkit-box-flex:1;-ms-flex-positive:1;flex-grow:1;border-top:var(--divider-border-width) var(--divider-border-style) var(--divider-color)}.elementor-widget-divider--element-align-left .elementor-divider .elementor-divider-separator>.elementor-divider__svg:first-of-type{-webkit-box-flex:0;-ms-flex-positive:0;flex-grow:0;-ms-flex-negative:100;flex-shrink:100}.elementor-widget-divider--element-align-left .elementor-divider-separator:before{content:none}.elementor-widget-divider--element-align-left .elementor-divider__element{margin-left:0}.elementor-widget-divider--element-align-right .elementor-divider .elementor-divider-separator>.elementor-divider__svg:last-of-type{-webkit-box-flex:0;-ms-flex-positive:0;flex-grow:0;-ms-flex-negative:100;flex-shrink:100}.elementor-widget-divider--element-align-right .elementor-divider-separator:after{content:none}.elementor-widget-divider--element-align-right .elementor-divider__element{margin-right:0}.elementor-widget-divider:not(.elementor-widget-divider--view-line_text):not(.elementor-widget-divider--view-line_icon) .elementor-divider-separator{border-top:var(--divider-border-width) var(--divider-border-style) var(--divider-color)}.elementor-widget-divider--separator-type-pattern{--divider-border-style:none}.elementor-widget-divider--separator-type-pattern.elementor-widget-divider--view-line .elementor-divider-separator,.elementor-widget-divider--separator-type-pattern:not(.elementor-widget-divider--view-line) .elementor-divider-separator:after,.elementor-widget-divider--separator-type-pattern:not(.elementor-widget-divider--view-line) .elementor-divider-separator:before,.elementor-widget-divider--separator-type-pattern:not([class*=elementor-widget-divider--view]) .elementor-divider-separator{width:100%;min-height:var(--divider-pattern-height);-webkit-mask-size:var(--divider-pattern-size) 100%;mask-size:var(--divider-pattern-size) 100%;-webkit-mask-repeat:var(--divider-pattern-repeat);mask-repeat:var(--divider-pattern-repeat);background-color:var(--divider-color);-webkit-mask-image:var(--divider-pattern-url);mask-image:var(--divider-pattern-url)}.elementor-widget-divider--no-spacing{--divider-pattern-size:auto}.elementor-widget-divider--bg-round{--divider-pattern-repeat:round}.rtl .elementor-widget-divider .elementor-divider__text{direction:rtl}.e-con-inner>.elementor-widget-divider,.e-con>.elementor-widget-divider{width:var(--container-widget-width,100%)}<\/style>\t\t<div class=\"elementor-divider\">\n\t\t\t<span class=\"elementor-divider-separator\">\n\t\t\t\t\t\t<\/span>\n\t\t<\/div>\n\t\t\t\t<\/div>\n\t\t\t\t<\/div>\n\t\t\t\t<section class=\"elementor-section elementor-inner-section elementor-element elementor-element-5fcb050 elementor-section-boxed elementor-section-height-default elementor-section-height-default\" data-id=\"5fcb050\" data-element_type=\"section\">\n\t\t\t\t\t\t<div class=\"elementor-container elementor-column-gap-default\">\n\t\t\t\t\t<div class=\"elementor-column elementor-col-33 elementor-inner-column elementor-element elementor-element-e0ebc67\" data-id=\"e0ebc67\" data-element_type=\"column\">\n\t\t\t<div class=\"elementor-widget-wrap elementor-element-populated\">\n\t\t\t\t\t\t\t\t<div class=\"elementor-element elementor-element-dc7c951 elementor-position-top elementor-view-default elementor-mobile-position-top elementor-vertical-align-top elementor-widget elementor-widget-icon-box\" data-id=\"dc7c951\" data-element_type=\"widget\" data-widget_type=\"icon-box.default\">\n\t\t\t\t<div class=\"elementor-widget-container\">\n\t\t\t<link rel=\"stylesheet\" href=\"http:\/\/pomoc.nortberg.pl\/wp-content\/plugins\/elementor\/assets\/css\/widget-icon-box.min.css\">\t\t<div class=\"elementor-icon-box-wrapper\">\n\t\t\t\t\t\t<div class=\"elementor-icon-box-icon\">\n\t\t\t\t<a class=\"elementor-icon elementor-animation-pop\" href=\"#\">\n\t\t\t\t<i aria-hidden=\"true\" class=\"far fa-comment-dots\"><\/i>\t\t\t\t<\/a>\n\t\t\t<\/div>\n\t\t\t\t\t\t<div class=\"elementor-icon-box-content\">\n\t\t\t\t<h4 class=\"elementor-icon-box-title\">\n\t\t\t\t\t<a href=\"#\" >\n\t\t\t\t\t\tCzat na \u017cywo\t\t\t\t\t<\/a>\n\t\t\t\t<\/h4>\n\t\t\t\t\t\t\t\t\t<p class=\"elementor-icon-box-description\">\n\t\t\t\t\t\tCentrum pomocy na \u017cywo\t\t\t\t\t<\/p>\n\t\t\t\t\t\t\t<\/div>\n\t\t<\/div>\n\t\t\t\t<\/div>\n\t\t\t\t<\/div>\n\t\t\t\t\t<\/div>\n\t\t<\/div>\n\t\t\t\t<div class=\"elementor-column elementor-col-33 elementor-inner-column elementor-element elementor-element-266c80c\" data-id=\"266c80c\" data-element_type=\"column\">\n\t\t\t<div class=\"elementor-widget-wrap elementor-element-populated\">\n\t\t\t\t\t\t\t\t<div class=\"elementor-element elementor-element-00ae6a2 elementor-position-top elementor-view-default elementor-mobile-position-top elementor-vertical-align-top elementor-widget elementor-widget-icon-box\" data-id=\"00ae6a2\" data-element_type=\"widget\" data-widget_type=\"icon-box.default\">\n\t\t\t\t<div class=\"elementor-widget-container\">\n\t\t\t\t\t<div class=\"elementor-icon-box-wrapper\">\n\t\t\t\t\t\t<div class=\"elementor-icon-box-icon\">\n\t\t\t\t<a class=\"elementor-icon elementor-animation-pop\" href=\"#\">\n\t\t\t\t<i aria-hidden=\"true\" class=\"far fa-envelope\"><\/i>\t\t\t\t<\/a>\n\t\t\t<\/div>\n\t\t\t\t\t\t<div class=\"elementor-icon-box-content\">\n\t\t\t\t<h4 class=\"elementor-icon-box-title\">\n\t\t\t\t\t<a href=\"#\" >\n\t\t\t\t\t\tZg\u0142oszenie\t\t\t\t\t<\/a>\n\t\t\t\t<\/h4>\n\t\t\t\t\t\t\t\t\t<p class=\"elementor-icon-box-description\">\n\t\t\t\t\t\tNapisz pro\u015bb\u0119 o wsparcie\t\t\t\t\t<\/p>\n\t\t\t\t\t\t\t<\/div>\n\t\t<\/div>\n\t\t\t\t<\/div>\n\t\t\t\t<\/div>\n\t\t\t\t\t<\/div>\n\t\t<\/div>\n\t\t\t\t<div class=\"elementor-column elementor-col-33 elementor-inner-column elementor-element elementor-element-164e329\" data-id=\"164e329\" data-element_type=\"column\">\n\t\t\t<div class=\"elementor-widget-wrap elementor-element-populated\">\n\t\t\t\t\t\t\t\t<div class=\"elementor-element elementor-element-6d21bfd elementor-position-top elementor-view-default elementor-mobile-position-top elementor-vertical-align-top elementor-widget elementor-widget-icon-box\" data-id=\"6d21bfd\" data-element_type=\"widget\" data-widget_type=\"icon-box.default\">\n\t\t\t\t<div class=\"elementor-widget-container\">\n\t\t\t\t\t<div class=\"elementor-icon-box-wrapper\">\n\t\t\t\t\t\t<div class=\"elementor-icon-box-icon\">\n\t\t\t\t<a class=\"elementor-icon elementor-animation-pop\" href=\"#\">\n\t\t\t\t<i aria-hidden=\"true\" class=\"far fa-comments\"><\/i>\t\t\t\t<\/a>\n\t\t\t<\/div>\n\t\t\t\t\t\t<div class=\"elementor-icon-box-content\">\n\t\t\t\t<h4 class=\"elementor-icon-box-title\">\n\t\t\t\t\t<a href=\"#\" >\n\t\t\t\t\t\tForum\t\t\t\t\t<\/a>\n\t\t\t\t<\/h4>\n\t\t\t\t\t\t\t\t\t<p class=\"elementor-icon-box-description\">\n\t\t\t\t\t\tDo\u0142\u0105cz do naszej spo\u0142eczno\u015bci.\t\t\t\t\t<\/p>\n\t\t\t\t\t\t\t<\/div>\n\t\t<\/div>\n\t\t\t\t<\/div>\n\t\t\t\t<\/div>\n\t\t\t\t\t<\/div>\n\t\t<\/div>\n\t\t\t\t\t\t\t<\/div>\n\t\t<\/section>\n\t\t\t\t\t<\/div>\n\t\t<\/div>\n\t\t\t\t<div class=\"elementor-column elementor-col-50 elementor-top-column elementor-element elementor-element-56c23de\" data-id=\"56c23de\" data-element_type=\"column\" data-settings=\"{&quot;background_background&quot;:&quot;classic&quot;}\">\n\t\t\t<div class=\"elementor-widget-wrap elementor-element-populated\">\n\t\t\t\t\t\t\t\t<div class=\"elementor-element elementor-element-17af3ea elementor-widget elementor-widget-heading\" data-id=\"17af3ea\" data-element_type=\"widget\" data-widget_type=\"heading.default\">\n\t\t\t\t<div class=\"elementor-widget-container\">\n\t\t\t<h2 class=\"elementor-heading-title elementor-size-default\">Szybki dost\u0119p<\/h2>\t\t<\/div>\n\t\t\t\t<\/div>\n\t\t\t\t<div class=\"elementor-element elementor-element-a675f8c elementor-widget-divider--view-line elementor-widget elementor-widget-divider\" data-id=\"a675f8c\" data-element_type=\"widget\" data-widget_type=\"divider.default\">\n\t\t\t\t<div class=\"elementor-widget-container\">\n\t\t\t\t\t<div class=\"elementor-divider\">\n\t\t\t<span class=\"elementor-divider-separator\">\n\t\t\t\t\t\t<\/span>\n\t\t<\/div>\n\t\t\t\t<\/div>\n\t\t\t\t<\/div>\n\t\t\t\t<div class=\"elementor-element elementor-element-95a9805 elementor-align-left elementor-icon-list--layout-traditional elementor-list-item-link-full_width elementor-widget elementor-widget-icon-list\" data-id=\"95a9805\" data-element_type=\"widget\" data-widget_type=\"icon-list.default\">\n\t\t\t\t<div class=\"elementor-widget-container\">\n\t\t\t<link rel=\"stylesheet\" href=\"http:\/\/pomoc.nortberg.pl\/wp-content\/plugins\/elementor\/assets\/css\/widget-icon-list.min.css\">\t\t<ul class=\"elementor-icon-list-items\">\n\t\t\t\t\t\t\t<li class=\"elementor-icon-list-item\">\n\t\t\t\t\t\t\t\t\t\t\t<a href=\"https:\/\/nortberg.pl\/upload\/files\/poradnik-uzytkownika-okapow-nadkuchennych-nortberg.pdf\">\n\n\t\t\t\t\t\t\t\t\t\t\t\t<span class=\"elementor-icon-list-icon\">\n\t\t\t\t\t\t\t<i aria-hidden=\"true\" class=\"far fa-user-circle\"><\/i>\t\t\t\t\t\t<\/span>\n\t\t\t\t\t\t\t\t\t\t<span class=\"elementor-icon-list-text\">Instrukcje obs\u0142ugi<\/span>\n\t\t\t\t\t\t\t\t\t\t\t<\/a>\n\t\t\t\t\t\t\t\t\t<\/li>\n\t\t\t\t\t\t\t\t<li class=\"elementor-icon-list-item\">\n\t\t\t\t\t\t\t\t\t\t\t<a href=\"#\">\n\n\t\t\t\t\t\t\t\t\t\t\t\t<span class=\"elementor-icon-list-icon\">\n\t\t\t\t\t\t\t<i aria-hidden=\"true\" class=\"far fa-file-alt\"><\/i>\t\t\t\t\t\t<\/span>\n\t\t\t\t\t\t\t\t\t\t<span class=\"elementor-icon-list-text\">Instrukcje monta\u017cu <\/span>\n\t\t\t\t\t\t\t\t\t\t\t<\/a>\n\t\t\t\t\t\t\t\t\t<\/li>\n\t\t\t\t\t\t\t\t<li class=\"elementor-icon-list-item\">\n\t\t\t\t\t\t\t\t\t\t\t<a href=\"#\">\n\n\t\t\t\t\t\t\t\t\t\t\t\t<span class=\"elementor-icon-list-icon\">\n\t\t\t\t\t\t\t<i aria-hidden=\"true\" class=\"far fa-file-video\"><\/i>\t\t\t\t\t\t<\/span>\n\t\t\t\t\t\t\t\t\t\t<span class=\"elementor-icon-list-text\">Cz\u0119\u015bci zamienne<\/span>\n\t\t\t\t\t\t\t\t\t\t\t<\/a>\n\t\t\t\t\t\t\t\t\t<\/li>\n\t\t\t\t\t\t<\/ul>\n\t\t\t\t<\/div>\n\t\t\t\t<\/div>\n\t\t\t\t\t<\/div>\n\t\t<\/div>\n\t\t\t\t\t\t\t<\/div>\n\t\t<\/section>\n\t\t\t\t<section class=\"elementor-section elementor-top-section elementor-element elementor-element-ff94d88 elementor-section-boxed elementor-section-height-default elementor-section-height-default\" data-id=\"ff94d88\" data-element_type=\"section\" data-settings=\"{&quot;background_background&quot;:&quot;classic&quot;}\">\n\t\t\t\t\t\t<div class=\"elementor-container elementor-column-gap-default\">\n\t\t\t\t\t<div class=\"elementor-column elementor-col-100 elementor-top-column elementor-element elementor-element-bb66c39\" data-id=\"bb66c39\" data-element_type=\"column\">\n\t\t\t<div class=\"elementor-widget-wrap elementor-element-populated\">\n\t\t\t\t\t\t\t\t<div class=\"elementor-element elementor-element-13b1f9d elementor-widget elementor-widget-manual-knowledgebase\" data-id=\"13b1f9d\" data-element_type=\"widget\" data-widget_type=\"manual-knowledgebase.default\">\n\t\t\t\t<div class=\"elementor-widget-container\">\n\t\t\t<div class=\"\"><div class=\"row row-eq-height\" style=\"margin: 0px;\"><div class=\"col-md-4 col-sm-12 masonry-item body-content\"> \r\n\t\t\t<div class=\"knowledgebase-body\" style=\"border:1px solid #E3E5FD; box-shadow: 0 5px 20px 0 rgb(4 73 89 \/ 8%); padding: 19px; background:#FFFFFF;\"><div class=\"kb-title-wrap\" style=\"border-radius: 5px; margin-bottom: 10px; background: #F5F5F5; padding: 15px 15px 1px 15px;\" ><div  ><h5><a href=\"https:\/\/pomoc.nortberg.pl\/index.php\/kb\/troubleshooting\/\">Troubleshooting<\/a> \r\n\t\t\t <\/h5><div style=\"color:\"><p>Web hosting that scales with your business<\/p>\n<\/div><\/div><\/div><ul class=\"kbse \"><li class=\"cat inner  \"> <a href=\"https:\/\/pomoc.nortberg.pl\/index.php\/knowledgebase\/post-attached-file-view\/\" >post - file attached<\/a> <\/li><\/ul><\/div> <\/div><div class=\"col-md-4 col-sm-12 masonry-item body-content\"> \r\n\t\t\t<div class=\"knowledgebase-body\" style=\"border:1px solid #E3E5FD; box-shadow: 0 5px 20px 0 rgb(4 73 89 \/ 8%); padding: 19px; background:#FFFFFF;\"><div class=\"kb-title-wrap\" style=\"border-radius: 5px; margin-bottom: 10px; background: #F5F5F5; padding: 15px 15px 1px 15px;\" ><div  ><h5><a href=\"https:\/\/pomoc.nortberg.pl\/index.php\/kb\/rozwiazywanie-problemow\/\">Rozwi\u0105zywanie problem\u00f3w<\/a> \r\n\t\t\t <\/h5><div style=\"color:\"><\/div><\/div><\/div><ul class=\"kbse \"><li class=\"cat inner  \"> <a href=\"https:\/\/pomoc.nortberg.pl\/index.php\/knowledgebase\/knowledge-base-post-header-image\/\" >post - with header image<\/a> <\/li><li class=\"cat inner  \"> <a href=\"https:\/\/pomoc.nortberg.pl\/index.php\/knowledgebase\/post-article-feedback\/\" >post - article feedback<\/a> <\/li><li class=\"cat inner audio \"> <a href=\"https:\/\/pomoc.nortberg.pl\/index.php\/knowledgebase\/subscriptions-modul-setup\/\" >Subscriptions Modul Setup<\/a> <\/li><\/ul><\/div> <\/div><div class=\"col-md-4 col-sm-12 masonry-item body-content\"> \r\n\t\t\t<div class=\"knowledgebase-body\" style=\"border:1px solid #E3E5FD; box-shadow: 0 5px 20px 0 rgb(4 73 89 \/ 8%); padding: 19px; background:#FFFFFF;\"><div class=\"kb-title-wrap\" style=\"border-radius: 5px; margin-bottom: 10px; background: #F5F5F5; padding: 15px 15px 1px 15px;\" ><div  ><h5><a href=\"https:\/\/pomoc.nortberg.pl\/index.php\/kb\/montaz-okapu\/\">Monta\u017c okapu<\/a> \r\n\t\t\t <\/h5><div style=\"color:\"><\/div><\/div><\/div><ul class=\"kbse \"><li class=\"cat inner  \"> <a href=\"https:\/\/pomoc.nortberg.pl\/index.php\/knowledgebase\/how-can-i-allow-voting-for-only-logged-in-users\/\" >Sprawd\u017a jak zamontowa\u0107 okap<\/a> <\/li><li class=\"cat inner  \"> <a href=\"https:\/\/pomoc.nortberg.pl\/index.php\/knowledgebase\/knowledge-base-post-header-image\/\" >post - with header image<\/a> <\/li><li class=\"cat inner  \"> <a href=\"https:\/\/pomoc.nortberg.pl\/index.php\/knowledgebase\/post-article-feedback\/\" >post - article feedback<\/a> <\/li><li class=\"cat inner audio \"> <a href=\"https:\/\/pomoc.nortberg.pl\/index.php\/knowledgebase\/subscriptions-modul-setup\/\" >Subscriptions Modul Setup<\/a> <\/li><\/ul><\/div> <\/div><\/div><div class=\"row row-eq-height\" style=\"margin: 0px;\"><div class=\"col-md-4 col-sm-12 masonry-item body-content\"> \r\n\t\t\t<div class=\"knowledgebase-body\" style=\"border:1px solid #E3E5FD; box-shadow: 0 5px 20px 0 rgb(4 73 89 \/ 8%); padding: 19px; background:#FFFFFF;\"><div class=\"kb-title-wrap\" style=\"border-radius: 5px; margin-bottom: 10px; background: #F5F5F5; padding: 15px 15px 1px 15px;\" ><div  ><h5><a href=\"https:\/\/pomoc.nortberg.pl\/index.php\/kb\/konserwacja-okapu\/\">Konserwacja okapu<\/a> \r\n\t\t\t <\/h5><div style=\"color:\"><\/div><\/div><\/div><ul class=\"kbse \"><li class=\"cat inner video \"> <a href=\"https:\/\/pomoc.nortberg.pl\/index.php\/knowledgebase\/how-can-i-make-attached-file\/\" >Jak konserwowa\u0107 okap<\/a> <\/li><li class=\"cat inner  \"> <a href=\"https:\/\/pomoc.nortberg.pl\/index.php\/knowledgebase\/knowledge-base-post-header-image\/\" >post - with header image<\/a> <\/li><li class=\"cat inner  \"> <a href=\"https:\/\/pomoc.nortberg.pl\/index.php\/knowledgebase\/post-article-feedback\/\" >post - article feedback<\/a> <\/li><li class=\"cat inner audio \"> <a href=\"https:\/\/pomoc.nortberg.pl\/index.php\/knowledgebase\/subscriptions-modul-setup\/\" >Subscriptions Modul Setup<\/a> <\/li><\/ul><\/div> <\/div><div class=\"col-md-4 col-sm-12 masonry-item body-content\"> \r\n\t\t\t<div class=\"knowledgebase-body\" style=\"border:1px solid #E3E5FD; box-shadow: 0 5px 20px 0 rgb(4 73 89 \/ 8%); padding: 19px; background:#FFFFFF;\"><div class=\"kb-title-wrap\" style=\"border-radius: 5px; margin-bottom: 10px; background: #F5F5F5; padding: 15px 15px 1px 15px;\" ><div  ><h5><a href=\"https:\/\/pomoc.nortberg.pl\/index.php\/kb\/eksploatacja-okapu\/\">Eksploatacja okapu<\/a> \r\n\t\t\t <\/h5><div style=\"color:\"><\/div><\/div><\/div><ul class=\"kbse \"><li class=\"cat inner  \"> <a href=\"https:\/\/pomoc.nortberg.pl\/index.php\/knowledgebase\/how-do-i-access-user-admin-section\/\" >Eksploatacja okapu<\/a> <\/li><li class=\"cat inner  \"> <a href=\"https:\/\/pomoc.nortberg.pl\/index.php\/knowledgebase\/knowledge-base-post-header-image\/\" >post - with header image<\/a> <\/li><li class=\"cat inner  \"> <a href=\"https:\/\/pomoc.nortberg.pl\/index.php\/knowledgebase\/post-article-feedback\/\" >post - article feedback<\/a> <\/li><li class=\"cat inner audio \"> <a href=\"https:\/\/pomoc.nortberg.pl\/index.php\/knowledgebase\/subscriptions-modul-setup\/\" >Subscriptions Modul Setup<\/a> <\/li><\/ul><\/div> <\/div><\/div><\/div>\t\t<\/div>\n\t\t\t\t<\/div>\n\t\t\t\t\t<\/div>\n\t\t<\/div>\n\t\t\t\t\t\t\t<\/div>\n\t\t<\/section>\n\t\t\t\t\t\t\t<\/div>\n\t\t","protected":false},"excerpt":{"rendered":"<p>Dzie\u0144 dobry, potrzebujesz pomocy? Problem? Skontaktuj si\u0119 z nami, klikaj\u0105c jedn\u0105 z tych metod: \u00a0 Czat na \u017cywo Centrum pomocy na \u017cywo Zg\u0142oszenie Napisz pro\u015bb\u0119 o wsparcie Forum Do\u0142\u0105cz do naszej spo\u0142eczno\u015bci. Szybki dost\u0119p Instrukcje obs\u0142ugi Instrukcje monta\u017cu Cz\u0119\u015bci zamienne Rozwi\u0105zywanie problem\u00f3w Najcz\u0119stsze usterki post &#8211; with header image post &#8211; article feedback Subscriptions Modul [&hellip;]<\/p>\n","protected":false},"author":1,"featured_media":0,"parent":0,"menu_order":0,"comment_status":"closed","ping_status":"closed","template":"elementor_header_footer","meta":{"inline_featured_image":false,"footnotes":""},"class_list":["post-3085","page","type-page","status-publish","hentry"],"_links":{"self":[{"href":"https:\/\/pomoc.nortberg.pl\/index.php\/wp-json\/wp\/v2\/pages\/3085","targetHints":{"allow":["GET"]}}],"collection":[{"href":"https:\/\/pomoc.nortberg.pl\/index.php\/wp-json\/wp\/v2\/pages"}],"about":[{"href":"https:\/\/pomoc.nortberg.pl\/index.php\/wp-json\/wp\/v2\/types\/page"}],"author":[{"embeddable":true,"href":"https:\/\/pomoc.nortberg.pl\/index.php\/wp-json\/wp\/v2\/users\/1"}],"replies":[{"embeddable":true,"href":"https:\/\/pomoc.nortberg.pl\/index.php\/wp-json\/wp\/v2\/comments?post=3085"}],"version-history":[{"count":42,"href":"https:\/\/pomoc.nortberg.pl\/index.php\/wp-json\/wp\/v2\/pages\/3085\/revisions"}],"predecessor-version":[{"id":3197,"href":"https:\/\/pomoc.nortberg.pl\/index.php\/wp-json\/wp\/v2\/pages\/3085\/revisions\/3197"}],"wp:attachment":[{"href":"https:\/\/pomoc.nortberg.pl\/index.php\/wp-json\/wp\/v2\/media?parent=3085"}],"curies":[{"name":"wp","href":"https:\/\/api.w.org\/{rel}","templated":true}]}}